 4*i + 10. Let b be (-32)/i*(-162)/(-36). Suppose 0 = 3*o + j - 13 - 37, -j = 5*o - 82. What is the greatest common divisor of b and o?
8
Suppose 0 = -5*j + 1448 + 192. Suppose -17*a + j = -199. What is the greatest common factor of 93 and a?
31
Let z be -3 + 136/46 + 369476/92. What is the greatest common divisor of z and 16?
16
Let f(y) = -34*y + 16. Suppose -27*c + 42 = -34*c. Let i be f(c). Calculate the greatest common divisor of 55 and i.
55
Suppose 7444 = 2*i - 2*c, -4*i + c + 14894 = -0*i. Calculate the highest common divisor of i and 14.
14
Let m = -6904 - -6929. What is the highest common divisor of 1675 and m?
25
Let y(s) = -s**2 - 2*s. Let z(g) = -4*g - 17. Let d(v) = -2*y(v) + z(v). Let p be d(-4). Calculate the highest common divisor of 10 and p.
5
Let h = -21344 - -31107. Calculate the greatest common divisor of 13 and h.
13
Suppose -y + 384 = 3*u, 5*y + 550 = -7*u + 11*u. Suppose 0 = 3*v - 3 - 114. Calculate the greatest common divisor of v and u.
13
Let r be 583 + 0 + (-150 - -149)*(0 + 0). What is the highest common divisor of r and 165?
11
Let p be ((8/6)/(-4))/((-5)/(-30)). Let g be p/(-20) - 639/(-10). Calculate the greatest common divisor of g and 16.
16
Suppose 0 = -2*b + 3*h + 879, -6*h = 3*b - 4*h - 1286. Calculate the highest common factor of 2688 and b.
48
Suppose -1 = g - d, 5*g - 6 = d + 9. Suppose -3*w + 184 = -0*w + g*n, -2*w + 2*n + 118 = 0. What is the highest common divisor of 510 and w?
30
Let n be ((-30)/(-9) - -2)/((-2)/(-9)). Suppose 0 = -3*h + n + 39. What is the highest common factor of 189 and h?
21
Let i = 1086 - 286. Suppose 0 = o + 3*o - i. Suppose -o = -p - 7*p. What is the greatest common divisor of p and 125?
25
Let q = 4707 - 4687. Calculate the highest common factor of 44240 and q.
20
Let u be 124/20 + 150/(-125). Let n(w) = w + 14. Let l be n(-9). Calculate the highest common divisor of l and u.
5
Let j = -1011 - -5064. What is the highest common divisor of j and 42?
21
Suppose 1947 = 19*z + 12*z + 28*z. Calculate the greatest common factor of 627 and z.
33
Suppose 0 = 2*t - 5 + 1. Suppose 24 = 2*z + 16. Suppose -5*r + g = -321, -z*r + t*g - 7*g = -251. What is the highest common divisor of r and 8?
8
Let b(f) = -154*f. Let v be b(-2). Let m(s) = 43*s**2 + 72*s - 71. Let r be m(1). Calculate the highest common divisor of r and v.
44
Let b be 6/(-9) + (-16135)/(-105). Suppose 0 = n + 4 + 15. Let z = -2 - n. What is the highest common divisor of b and z?
17
Let z = -46 + 56. Let l(b) = 4*b**2 - 2*b. Let t be l(-2). Let u = 25 - t. Calculate the greatest common divisor of u and z.
5
Suppose 26*b - 11838 = 1032. Let w = b - 482. What is the highest common divisor of w and 39?
13
Let z be -12 - -11 - -555 - -2*(-5 - -1). Calculate the highest common factor of z and 1326.
78
Suppose 0 = -5*i + 25, -4*d - 3*i + 94 = -125. Let s = 222 + 132. Suppose 0 = 3*w - d - s. Calculate the greatest common factor of 27 and w.
27
Let j(r) = -75*r - 5222. Let k be j(-70). Calculate the highest common factor of k and 256.
4
Suppose 32*k - 14*k = 90. Suppose a + 19 = -u + 49, 0 = k*a - 25. Calculate the highest common factor of u and 1.
1
Let x be (4 + 77)*(-1 + (8 - 4)). Calculate the highest common divisor of x and 108.
27
Suppose -5*v - 11 = -2*t, -4*v + v = 2*t - 3. Suppose 5*p = 6*p + 3*y - 51, -2*y + 146 = t*p. Calculate the highest common divisor of 48 and p.
48
Let p = -15 + 27. Suppose 4*y + 0*v = 4*v + 36, -4*y = -v - 51. Suppose 0*x = -2*x + 5*h + y, -3*x + 30 = -3*h. What is the highest common divisor of p and x?
12
Let k be (-2)/5 + (-9006)/(-190). Calculate the highest common factor of k and 19.
1
Let q be ((-2)/2)/(-10*(-2)/60). Let m(v) = 3*v**2 - 2*v - 25. Let h be m(q). Let l = -12 - -20. What is the highest common divisor of l and h?
8
Let q be ((-2)/6)/((-4)/36). Let n be (3/(-5))/(q/(-15)). Suppose -4*s + 52 = 2*u, 6 = 57*s - 56*s - 3*u. What is the greatest common factor of n and s?
3
Let x = -713 + 807. Let s = 24 + -40. Let g = x + s. What is the greatest common divisor of g and 6?
6
Let g = 393 - 387. Suppose -n + 3*k - 241 = -g*n, -262 = -5*n + 4*k. What is the highest common factor of n and 60?
10
Let l = 12753 + -12450. Calculate the greatest common factor of l and 303.
303
Suppose 41*o - 44*o - 4*q = -30, 8 = -2*o + 2*q. Suppose 0 = -5*y + 2*y + 144. What is the highest common factor of y and o?
2
Let p = -414 + 419. Suppose p*h - 82 = -2*k + 3, 3*h = 9. Calculate the greatest common factor of 119 and k.
7
Let g be ((-13)/(-1))/(0 + 2/(-6)). Let q be 4/20 + g/(-5). Let t(u) = 10*u - 14. Let b be t(q). What is the greatest common divisor of 22 and b?
22
Let x = -100 - -109. Suppose -x = -7*s + 5. Suppose 0 = 4*k - 14 + s, 174 = 4*c + 2*k. Calculate the greatest common factor of 6 and c.
6
Let c be (-1 - -3) + 23/(161/2030). Calculate the highest common factor of 3869 and c.
73
Suppose -82*b + 8678 = 2*s - 84*b, -2*s + 8676 = -4*b. What is the greatest common divisor of s and 140?
140
Let y = -2166 + 2205. What is the greatest common factor of 39 and y?
39
Let s be 1 + 4*4 + 116/116. What is the greatest common divisor of 1182 and s?
6
Let y(f) = -26*f + 3. Let w be y(-2). Suppose 0 = -131*a + 129*a + h + 403, 0 = a - 5*h - 233. What is the greatest common factor of a and w?
11
Let r be ((-9)/(-9))/((-58)/30 + 2). What is the highest common divisor of r and 2235?
15
Let h be (-22)/(-99) + (-1192)/18. Let w = h - -87. Let f = -22 + 106. What is the greatest common divisor of w and f?
21
Let a = 98 - 71. Let y be (32/(-10))/((a/585)/(-3)). What is the greatest common divisor of y and 8?
8
Suppose 2*s + 52 = 4*i - 76, -5*i - 3*s = -138. Calculate the greatest common factor of 7530 and i.
30
Let f be ((-493)/(-58))/((-65)/10 + 7). Let k be 6/((-1)/34*-3). Calculate the highest common divisor of f and k.
17
Let d(u) = -78*u - 83. Let m be d(-8). Let a = m + -449. Calculate the greatest common factor of a and 230.
46
Let m be (-2)/(-10) - 27/(-15). Suppose -3*d - 223 = -5*q + 228, m*q - 178 = 2*d. Suppose -17*o = -431 - 351. What is the greatest common factor of o and q?
46
Suppose -i - 5*z = -501, -81*i + 80*i = 2*z - 504. What is the highest common divisor of 138 and i?
46
Let a be (90/35)/(6/21). Let u(t) = t**2 - 9*t + 10. Let w be u(8). Suppose 513 = -w*l + 5*l. What is the highest common factor of a and l?
9
Suppose -3*v = -2*v + 3*o - 13, -3*o = -2*v + 62. Let x = v - 32. Let z be ((-18)/21)/(x/147). What is the highest common divisor of 63 and z?
9
Let j = -352 - 175. Let t = 1022 + j. What is the greatest common divisor of 45 and t?
45
Suppose 34*s + 15*s - 1910 = 148. Calculate the highest common factor of s and 357.
21
Let v = -4565 + 4638. What is the greatest common factor of 2336 and v?
73
Suppose -15*j + 0*j + 1280 = 25*j. Calculate the highest common divisor of 1312 and j.
32
Let j = 352 + -109. Suppose 2*s - 2*k - 42 = 0, 16*s - 9*s + 2*k = 201. Calculate the greatest common factor of j and s.
27
Let y(i) = -3*i + 50. Let r be y(12). Let c(l) = -2*l + 12. Let h be c(0). Let f be 6*(0 + r/h). Calculate the greatest common divisor of 35 and f.
7
Let u(s) = -s**2 - 6*s + 7. Let y be u(8). Let m = y - -56. Let h = m + 62. What is the highest common factor of h and 117?
13
Suppose -3*s + 2*o = -20, s - 5*o = -s + 28. Let p(j) = -36*j - 101. Let g be p(4). Let x = -225 - g. What is the greatest common factor of s and x?
4
Suppose 0*d - 2*d - 2*c + 4 = 0, -d = -3*c + 2. Let k be (-20)/(4 + -8) + d. Suppose -k*w + 4*w = -12. Calculate the highest common divisor of 6 and w.
6
Let o be 2 + -5 + (224/14 + -8 - -261). What is the highest common divisor of o and 840?
14
Let x(p) = p - 25. Let h be x(27). Suppose -2*v + c + 34 = h, 4*c = 0. Calculate the highest common factor of v and 144.
16
Suppose 46 + 16 = 5*z - 73. What is the greatest common divisor of z and 171?
9
Suppose 3*c = 2*w - 37, -2*w - 67 + 110 = -5*c. What is the highest common factor of 14434 and w?
14
Suppose -143*v + 955 = -148*v. Let w = v + 218. Calculate the greatest common factor of 45 and w.
9
Suppose 13507*q - 13512*q = -660. Calculate the highest common divisor of q and 13596.
132
Let n be 46/2 - (-1 - -2). Suppose -k - 1 + 4 = 0, -5*d + 144 = -2*k. Let h be d/(-9)*6*55/(-25). What is the highest common factor o